{"id":535,"date":"2025-12-16T17:54:31","date_gmt":"2025-12-16T17:54:31","guid":{"rendered":"https:\/\/vilaicaba.com\/?page_id=535"},"modified":"2025-12-16T17:57:55","modified_gmt":"2025-12-16T17:57:55","slug":"empresa-de-construccio-i-reformes","status":"publish","type":"page","link":"https:\/\/vilaicaba.com\/index.php\/es\/empresa-de-construccio-i-reformes\/","title":{"rendered":"Empresa de construcci\u00f3 i reformes"},"content":{"rendered":"\t\t<div data-elementor-type=\"wp-page\" data-elementor-id=\"535\" class=\"elementor elementor-535\" data-elementor-post-type=\"page\">\n\t\t\t\t<div class=\"elementor-element elementor-element-1073dceb e-flex e-con-boxed e-con e-parent\" data-id=\"1073dceb\" data-element_type=\"container\" data-settings=\"{&quot;background_background&quot;:&quot;classic&quot;}\">\n\t\t\t\t\t<div class=\"e-con-inner\">\n\t\t\t\t<div class=\"elementor-element elementor-element-1ff1efe5 elementor-widget__width-initial elementor-widget-mobile__width-inherit elementor-widget elementor-widget-heading\" data-id=\"1ff1efe5\" data-element_type=\"widget\" data-widget_type=\"heading.default\">\n\t\t\t\t\t<h1 class=\"elementor-heading-title elementor-size-default\">Empresa de construcci\u00f3n y reformas en EL Empord\u00e0 con experiencia y confianza<\/h1>\t\t\t\t<\/div>\n\t\t\t\t\t<\/div>\n\t\t\t\t<\/div>\n\t\t<div class=\"elementor-element elementor-element-131245b0 e-flex e-con-boxed e-con e-parent\" data-id=\"131245b0\" data-element_type=\"container\" data-settings=\"{&quot;background_background&quot;:&quot;classic&quot;}\">\n\t\t\t\t\t<div class=\"e-con-inner\">\n\t\t<div class=\"elementor-element elementor-element-517fbb74 e-con-full e-flex e-con e-child\" data-id=\"517fbb74\" data-element_type=\"container\">\n\t\t\t\t<div class=\"elementor-element elementor-element-53d4aa0c elementor-widget elementor-widget-image\" data-id=\"53d4aa0c\" data-element_type=\"widget\" data-widget_type=\"image.default\">\n\t\t\t\t\t\t\t\t\t\t\t\t\t\t\t<img fetchpriority=\"high\" decoding=\"async\" width=\"1600\" height=\"1530\" src=\"https:\/\/vilaicaba.com\/wp-content\/uploads\/2025\/10\/WhatsApp-Image-2025-10-17-at-12.00.32-9.jpeg\" class=\"attachment-full size-full wp-image-252\" alt=\"\" srcset=\"https:\/\/vilaicaba.com\/wp-content\/uploads\/2025\/10\/WhatsApp-Image-2025-10-17-at-12.00.32-9.jpeg 1600w, https:\/\/vilaicaba.com\/wp-content\/uploads\/2025\/10\/WhatsApp-Image-2025-10-17-at-12.00.32-9-300x287.jpeg 300w, https:\/\/vilaicaba.com\/wp-content\/uploads\/2025\/10\/WhatsApp-Image-2025-10-17-at-12.00.32-9-1024x979.jpeg 1024w, https:\/\/vilaicaba.com\/wp-content\/uploads\/2025\/10\/WhatsApp-Image-2025-10-17-at-12.00.32-9-768x734.jpeg 768w, https:\/\/vilaicaba.com\/wp-content\/uploads\/2025\/10\/WhatsApp-Image-2025-10-17-at-12.00.32-9-1536x1469.jpeg 1536w\" sizes=\"(max-width: 1600px) 100vw, 1600px\" \/>\t\t\t\t\t\t\t\t\t\t\t\t\t\t\t<\/div>\n\t\t\t\t<\/div>\n\t\t<div class=\"elementor-element elementor-element-1e5b4355 e-con-full e-flex e-con e-child\" data-id=\"1e5b4355\" data-element_type=\"container\">\n\t\t\t\t<div class=\"elementor-element elementor-element-67d316cb elementor-widget elementor-widget-text-editor\" data-id=\"67d316cb\" data-element_type=\"widget\" data-widget_type=\"text-editor.default\">\n\t\t\t\t\t\t\t\t\t<p>Los clientes nos hicieron empresa. Antes llamaban directamente a Emilio y Manolo porque sab\u00edan que, si ellos estaban en la obra, el trabajo saldr\u00eda bien. Aquel boca-oreja impuls\u00f3 Vila i Caba y consolid\u00f3 nuestra reputaci\u00f3n como referente en construcciones y reformas en L&#8217;Empord\u00e0.<\/p><p>Hoy somos un equipo familiar arraigado en el Alt Empord\u00e0 que rehabilita mas\u00edas, construye viviendas unifamiliares y desarrolla reformas integrales con un estilo propio: pocas obras a la vez, seguimiento constante y acabados impecables. Este m\u00e9todo nos permite garantizar proximidad, transparencia y compromiso real con cada cliente, desde el inicio hasta la entrega final.<\/p><p>Nuestra filosof\u00eda es clara e innegociable: calidad, confianza y responsabilidad en todas las construcciones y reformas en L&#8217;Empord\u00e0. Cada proyecto es una nueva oportunidad para demostrar que trabajamos sin excusas y con la voluntad de ofrecerle resultados que superen las expectativas de nuestros clientes.<\/p><p>\u00a0<\/p>\t\t\t\t\t\t\t\t<\/div>\n\t\t\t\t<\/div>\n\t\t\t\t\t<\/div>\n\t\t\t\t<\/div>\n\t\t\t\t<\/div>\n\t\t","protected":false},"excerpt":{"rendered":"<p>Empresa de construcci\u00f3n y reformas en EL Empord\u00e0 con experiencia y confianza Los clientes nos hicieron empresa. Antes llamaban directamente a Emilio y Manolo porque sab\u00edan que, si ellos estaban en la obra, el trabajo saldr\u00eda bien. Aquel boca-oreja impuls\u00f3 Vila i Caba y consolid\u00f3 nuestra reputaci\u00f3n como referente en construcciones y reformas en L&#8217;Empord\u00e0. [&hellip;]<\/p>\n","protected":false},"author":1,"featured_media":0,"parent":0,"menu_order":0,"comment_status":"closed","ping_status":"closed","template":"","meta":{"_joinchat":[],"footnotes":""},"class_list":["post-535","page","type-page","status-publish","hentry"],"yoast_head":"<!-- This site is optimized with the Yoast SEO plugin v26.6 - https:\/\/yoast.com\/wordpress\/plugins\/seo\/ -->\n<title>Empresa constructora a L\u2019Empord\u00e0 \u2013 Vila i Caba<\/title>\n<meta name=\"description\" content=\"Empresa constructora a L\u00b4Empord\u00e0 amb tracte proper i comprom\u00eds amb la qualitat. Coneix l&#039;equip i la manera de treballar que ens diferencia.\" \/>\n<meta name=\"robots\" content=\"index, follow, max-snippet:-1, max-image-preview:large, max-video-preview:-1\" \/>\n<link rel=\"canonical\" href=\"https:\/\/vilaicaba.com\/index.php\/es\/empresa-de-construccio-i-reformes\/\" \/>\n<meta property=\"og:locale\" content=\"es_ES\" \/>\n<meta property=\"og:type\" content=\"article\" \/>\n<meta property=\"og:title\" content=\"Empresa constructora a L\u2019Empord\u00e0 \u2013 Vila i Caba\" \/>\n<meta property=\"og:description\" content=\"Empresa constructora a L\u00b4Empord\u00e0 amb tracte proper i comprom\u00eds amb la qualitat. Coneix l&#039;equip i la manera de treballar que ens diferencia.\" \/>\n<meta property=\"og:url\" content=\"https:\/\/vilaicaba.com\/index.php\/es\/empresa-de-construccio-i-reformes\/\" \/>\n<meta property=\"og:site_name\" content=\"Construccions Vila i Caba\" \/>\n<meta property=\"article:modified_time\" content=\"2025-12-16T17:57:55+00:00\" \/>\n<meta property=\"og:image\" content=\"https:\/\/vilaicaba.com\/wp-content\/uploads\/2025\/10\/WhatsApp-Image-2025-10-17-at-12.00.32-9.jpeg\" \/>\n<meta name=\"twitter:card\" content=\"summary_large_image\" \/>\n<meta name=\"twitter:label1\" content=\"Tiempo de lectura\" \/>\n\t<meta name=\"twitter:data1\" content=\"1 minuto\" \/>\n<script type=\"application\/ld+json\" class=\"yoast-schema-graph\">{\"@context\":\"https:\/\/schema.org\",\"@graph\":[{\"@type\":\"WebPage\",\"@id\":\"https:\/\/vilaicaba.com\/index.php\/es\/empresa-de-construccio-i-reformes\/\",\"url\":\"https:\/\/vilaicaba.com\/index.php\/es\/empresa-de-construccio-i-reformes\/\",\"name\":\"Empresa constructora a L\u2019Empord\u00e0 \u2013 Vila i Caba\",\"isPartOf\":{\"@id\":\"https:\/\/vilaicaba.com\/#website\"},\"primaryImageOfPage\":{\"@id\":\"https:\/\/vilaicaba.com\/index.php\/es\/empresa-de-construccio-i-reformes\/#primaryimage\"},\"image\":{\"@id\":\"https:\/\/vilaicaba.com\/index.php\/es\/empresa-de-construccio-i-reformes\/#primaryimage\"},\"thumbnailUrl\":\"https:\/\/vilaicaba.com\/wp-content\/uploads\/2025\/10\/WhatsApp-Image-2025-10-17-at-12.00.32-9.jpeg\",\"datePublished\":\"2025-12-16T17:54:31+00:00\",\"dateModified\":\"2025-12-16T17:57:55+00:00\",\"description\":\"Empresa constructora a L\u00b4Empord\u00e0 amb tracte proper i comprom\u00eds amb la qualitat. Coneix l'equip i la manera de treballar que ens diferencia.\",\"breadcrumb\":{\"@id\":\"https:\/\/vilaicaba.com\/index.php\/es\/empresa-de-construccio-i-reformes\/#breadcrumb\"},\"inLanguage\":\"es\",\"potentialAction\":[{\"@type\":\"ReadAction\",\"target\":[\"https:\/\/vilaicaba.com\/index.php\/es\/empresa-de-construccio-i-reformes\/\"]}]},{\"@type\":\"ImageObject\",\"inLanguage\":\"es\",\"@id\":\"https:\/\/vilaicaba.com\/index.php\/es\/empresa-de-construccio-i-reformes\/#primaryimage\",\"url\":\"https:\/\/vilaicaba.com\/wp-content\/uploads\/2025\/10\/WhatsApp-Image-2025-10-17-at-12.00.32-9.jpeg\",\"contentUrl\":\"https:\/\/vilaicaba.com\/wp-content\/uploads\/2025\/10\/WhatsApp-Image-2025-10-17-at-12.00.32-9.jpeg\",\"width\":1600,\"height\":1530},{\"@type\":\"BreadcrumbList\",\"@id\":\"https:\/\/vilaicaba.com\/index.php\/es\/empresa-de-construccio-i-reformes\/#breadcrumb\",\"itemListElement\":[{\"@type\":\"ListItem\",\"position\":1,\"name\":\"Portada\",\"item\":\"https:\/\/vilaicaba.com\/\"},{\"@type\":\"ListItem\",\"position\":2,\"name\":\"Empresa de construcci\u00f3 i reformes\"}]},{\"@type\":\"WebSite\",\"@id\":\"https:\/\/vilaicaba.com\/#website\",\"url\":\"https:\/\/vilaicaba.com\/\",\"name\":\"Construccions Vila i Caba\",\"description\":\"\",\"potentialAction\":[{\"@type\":\"SearchAction\",\"target\":{\"@type\":\"EntryPoint\",\"urlTemplate\":\"https:\/\/vilaicaba.com\/?s={search_term_string}\"},\"query-input\":{\"@type\":\"PropertyValueSpecification\",\"valueRequired\":true,\"valueName\":\"search_term_string\"}}],\"inLanguage\":\"es\"}]}<\/script>\n<!-- \/ Yoast SEO plugin. -->","yoast_head_json":{"title":"Empresa constructora a L\u2019Empord\u00e0 \u2013 Vila i Caba","description":"Empresa constructora a L\u00b4Empord\u00e0 amb tracte proper i comprom\u00eds amb la qualitat. Coneix l'equip i la manera de treballar que ens diferencia.","robots":{"index":"index","follow":"follow","max-snippet":"max-snippet:-1","max-image-preview":"max-image-preview:large","max-video-preview":"max-video-preview:-1"},"canonical":"https:\/\/vilaicaba.com\/index.php\/es\/empresa-de-construccio-i-reformes\/","og_locale":"es_ES","og_type":"article","og_title":"Empresa constructora a L\u2019Empord\u00e0 \u2013 Vila i Caba","og_description":"Empresa constructora a L\u00b4Empord\u00e0 amb tracte proper i comprom\u00eds amb la qualitat. Coneix l'equip i la manera de treballar que ens diferencia.","og_url":"https:\/\/vilaicaba.com\/index.php\/es\/empresa-de-construccio-i-reformes\/","og_site_name":"Construccions Vila i Caba","article_modified_time":"2025-12-16T17:57:55+00:00","og_image":[{"url":"https:\/\/vilaicaba.com\/wp-content\/uploads\/2025\/10\/WhatsApp-Image-2025-10-17-at-12.00.32-9.jpeg","type":"","width":"","height":""}],"twitter_card":"summary_large_image","twitter_misc":{"Tiempo de lectura":"1 minuto"},"schema":{"@context":"https:\/\/schema.org","@graph":[{"@type":"WebPage","@id":"https:\/\/vilaicaba.com\/index.php\/es\/empresa-de-construccio-i-reformes\/","url":"https:\/\/vilaicaba.com\/index.php\/es\/empresa-de-construccio-i-reformes\/","name":"Empresa constructora a L\u2019Empord\u00e0 \u2013 Vila i Caba","isPartOf":{"@id":"https:\/\/vilaicaba.com\/#website"},"primaryImageOfPage":{"@id":"https:\/\/vilaicaba.com\/index.php\/es\/empresa-de-construccio-i-reformes\/#primaryimage"},"image":{"@id":"https:\/\/vilaicaba.com\/index.php\/es\/empresa-de-construccio-i-reformes\/#primaryimage"},"thumbnailUrl":"https:\/\/vilaicaba.com\/wp-content\/uploads\/2025\/10\/WhatsApp-Image-2025-10-17-at-12.00.32-9.jpeg","datePublished":"2025-12-16T17:54:31+00:00","dateModified":"2025-12-16T17:57:55+00:00","description":"Empresa constructora a L\u00b4Empord\u00e0 amb tracte proper i comprom\u00eds amb la qualitat. Coneix l'equip i la manera de treballar que ens diferencia.","breadcrumb":{"@id":"https:\/\/vilaicaba.com\/index.php\/es\/empresa-de-construccio-i-reformes\/#breadcrumb"},"inLanguage":"es","potentialAction":[{"@type":"ReadAction","target":["https:\/\/vilaicaba.com\/index.php\/es\/empresa-de-construccio-i-reformes\/"]}]},{"@type":"ImageObject","inLanguage":"es","@id":"https:\/\/vilaicaba.com\/index.php\/es\/empresa-de-construccio-i-reformes\/#primaryimage","url":"https:\/\/vilaicaba.com\/wp-content\/uploads\/2025\/10\/WhatsApp-Image-2025-10-17-at-12.00.32-9.jpeg","contentUrl":"https:\/\/vilaicaba.com\/wp-content\/uploads\/2025\/10\/WhatsApp-Image-2025-10-17-at-12.00.32-9.jpeg","width":1600,"height":1530},{"@type":"BreadcrumbList","@id":"https:\/\/vilaicaba.com\/index.php\/es\/empresa-de-construccio-i-reformes\/#breadcrumb","itemListElement":[{"@type":"ListItem","position":1,"name":"Portada","item":"https:\/\/vilaicaba.com\/"},{"@type":"ListItem","position":2,"name":"Empresa de construcci\u00f3 i reformes"}]},{"@type":"WebSite","@id":"https:\/\/vilaicaba.com\/#website","url":"https:\/\/vilaicaba.com\/","name":"Construccions Vila i Caba","description":"","potentialAction":[{"@type":"SearchAction","target":{"@type":"EntryPoint","urlTemplate":"https:\/\/vilaicaba.com\/?s={search_term_string}"},"query-input":{"@type":"PropertyValueSpecification","valueRequired":true,"valueName":"search_term_string"}}],"inLanguage":"es"}]}},"_hostinger_reach_plugin_has_subscription_block":false,"_hostinger_reach_plugin_is_elementor":false,"_links":{"self":[{"href":"https:\/\/vilaicaba.com\/index.php\/wp-json\/wp\/v2\/pages\/535","targetHints":{"allow":["GET"]}}],"collection":[{"href":"https:\/\/vilaicaba.com\/index.php\/wp-json\/wp\/v2\/pages"}],"about":[{"href":"https:\/\/vilaicaba.com\/index.php\/wp-json\/wp\/v2\/types\/page"}],"author":[{"embeddable":true,"href":"https:\/\/vilaicaba.com\/index.php\/wp-json\/wp\/v2\/users\/1"}],"replies":[{"embeddable":true,"href":"https:\/\/vilaicaba.com\/index.php\/wp-json\/wp\/v2\/comments?post=535"}],"version-history":[{"count":4,"href":"https:\/\/vilaicaba.com\/index.php\/wp-json\/wp\/v2\/pages\/535\/revisions"}],"predecessor-version":[{"id":540,"href":"https:\/\/vilaicaba.com\/index.php\/wp-json\/wp\/v2\/pages\/535\/revisions\/540"}],"wp:attachment":[{"href":"https:\/\/vilaicaba.com\/index.php\/wp-json\/wp\/v2\/media?parent=535"}],"curies":[{"name":"wp","href":"https:\/\/api.w.org\/{rel}","templated":true}]}}